value of -6 - -1 - 1 - (-1 + -13 + 10)?
-2
What is the value of 14 - 23 - -9 - 16 - -4?
-12
Evaluate 3 - 23 - (95 - 102).
-13
6 + -7 + -7 - -24
16
What is 0 - -1 - -6 - (8 - 1)?
0
(-117 - -128) + -10 + (0 - -4)
5
Evaluate 207 - 202 - (-1 + -2 - -7).
1
-21 + 18 + 4 + -1 - 20
-20
What is the value of -6 - (-34 - (-6 - 8)) - -5?
19
What is the value of (9 - -20) + -7 - 18?
4
Evaluate (-5 - -3) + (3 - (7 + 4)) + 2.
-8
-1 - (-2 + 2 + -17 + 6)
10
Evaluate -14 + -3 + 12 + -2.
-7
What is 14 + 1 - ((7 - 12) + -5)?
25
-5 + (7 - -5) - 7
0
(-83 - -89 - (21 - -2)) + 26
9
Evaluate -19 - (2 + 7 + -20).
-8
Evaluate 6 + -25 + (7 - 2) - (2 - 5).
-11
Evaluate (8 - ((0 - 5) + -86 + 93)) + 11.
17
What is the value of -23 + -2 + (807 - 776)?
6
Evaluate (1 - 8) + (-12 - -2 - (-3 - 0)).
-14
What is (21 + -16 - (-1 + -1)) + (-1 - -7)?
13
What is -1 + 11 + 1 + (-173 - -159)?
-3
What is -3 + 6 + (14 - 12) - 2?
3
Evaluate -26 - 2 - -13 - (-21 - -19).
-13
What is the value of 6 - (-9 - (-15 + -2))?
-2
Evaluate (4 + (-9 - 4) - 1) + 16.
6
Calculate (2 - 2 - (7 - 5)) + 15 + -28.
-15
4 + 2 + 1 - (13 - (-33 - -51))
12
(-13 - 5) + 14 - 11
-15
Evaluate -2 + (0 - ((-1 - -7) + -2 - -4)).
-10
What is the value of 3 + (3 + -4 + -1 + -1 - -1)?
1
What is the value of -316 - -326 - (2 + -3 - -12)?
-1
What is the value of (8 - (0 + 17) - (0 + -3)) + 4?
-2
Evaluate 3 - -1 - (5 - (-5 - -2)).
-4
-2 - (1 + (3 + -11 - -1)) - 10
-6
Calculate 12 - ((-2 - 1) + (42 - 21)).
-6
-122 + 141 + (-17 - 0)
2
What is the value of 14 - (3 + 0) - (49 + -40)?
2
Evaluate -80 - -62 - (4 + -42 + 3).
17
What is 64 + -5 + (182 - 210)?
31
Evaluate 3 - -16 - (2 + -2 + 7 + -14).
26
Calculate (1 - -2) + 1 + 14701 + -14728.
-23
10 + (-6 + (0 - -10) - (6 + -2))
10
Evaluate -2 - (16 - 42 - -22).
2
Calculate (-2 - (-1 + 0)) + (14 - 7) - -2.
8
What is the value of -15 - (20 + -33 + 20)?
-22
What is the value of 13 + (2 - (24 + 9))?
-18
What is the value of -9 - 0 - (-46 + 42 - (-6 - 0))?
-11
What is the value of -11 - (2 - (-7 + 0 + (-35 - -31)))?
-24
What is -15 + 2 - 9 - (-1 - 9)?
-12
-39 + (37 - 22) - -2
-22
Calculate 5 - 14 - (-16 - -3).
4
What is (33 + -11 - 12) + -2?
8
-20 + 0 - (-447 - -442)
-15
Evaluate 1 - 9 - (3 - -1) - 6.
-18
-8 + 1 + -3 + (9 - 5)
-6
Evaluate (7 - 76 - -44) + 4 + -1.
-22
What is (1 - 3) + (26 - 15)?
9
What is -2 - ((-4 - 0) + -16) - (-23 - -32)?
9
(4 + 8 + -1 - 4) + -1 + -11
-5
Calculate 5 + (-15 - -1) + 4.
-5
Calculate (10 + 1 - 13 - 0) + 24.
22
Calculate -6 + 3 - (-14 - -1).
10
21 - (1 + -5) - 15
10
What is -20 + 0 - -7 - -8?
-5
Evaluate 8 + (-20 + 29 - 14) + -3.
0
Calculate -33 - ((50 - 11) + -55).
-17
Evaluate (41 - 30 - -54) + -32.
33
Calculate 0 + (-5 - -13) + (14 - 15).
7
Evaluate 4 + 3 + (12 - 12) + -21.
-14
Calculate -3 + (10 - 6) - (-69 + 53).
17
What is the value of (-335 - -347) + 1 + 1 + -3 + -5?
6
14 + -15 + 15 - 16
-2
What is the value of (17 - 26) + -3 + (3 - -4) + 7?
2
Evaluate -2 + (-13 + 6 + 8 - 4) + -1.
-6
What is (6 - (7 - -32)) + -37 + 31 - -6?
-33
Evaluate 13 + (-1 - 2) - 23 - -4.
-9
20 + 33 + -53 + 25
25
(0 - 3 - 3) + 9 + (19 - 14)
8
What is -13 + (15 + -11 + 5 - 5)?
-9
Calculate -3 - -3 - (36 - 29) - (0 - 8).
1
What is the value of -2 + (0 + 3 - (-10 - -4 - 1))?
8
Calculate -18 + (10 + 11 - 28).
-25
Calculate 13 - (-7 + -4 + 30).
-6
Evaluate 4 - (1 + 6) - (1 + -16 + 4).
8
What is the value of -6 + -4 + 12 - 9?
-7
Calculate 4 - 33 - ((-35 - -25) + (-3 - -2)).
-18
What is the value of (0 - 1) + (0 - 5 - (-83 - -86))?
-9
What is (-30 - -24 - -27) + -37?
-16
What is 3 + 1 + -5 + 1 + -4 + -3?
-7
-16 - (-16 + -22 + 11)
11
Evaluate (-24 - -10) + 6 + 2 + (0 - 12).
-18
-13 - (-11 + (-13 - -23))
-12
What is the value of 6 + (-1 - (16 - 8)) + 2?
-1
What is -4 - (5 + 3 + -17 - 8)?
13
Calculate -17 - (-3 + (-17 - -11)).
-8
-2 + (-12 + 15 - -2)
3
-5 + (14 - 28) + 32
13
-1 + 14 + -2 + (2 - 0) - 4
9
Calculate -2 + 0 + (33 + -15 - 15).
1
Calculate (-61 - -23) + (15 + -6 - 6).
-35
What is (1 + -7 - (102 - 97)) + 2?
-9
What is -2 - 6 - (-9 + 3 + -28 + 10)?
16
What is the value of -17 - (-14 + (26 - 26))?
-3
Evaluate 17 + 2 + -13 - 18.
-12
-3 + (14 - 8) + 0 - 7
-4
What is -8 - -52 - 10 - (-2 - -4 - 1)?
33
-5 - (-4 + -2 + 13)
-12
What is the value of -12 - -1 - (1 + -18 - -14)?
-8
What is (-17 - (-2 + 1)) + -287 + 294?
-9
What is the value of (11 - 16) + (92 - 72)?
15
Calculate (7 - (-1 - 1)) + (52 - 57).
4
Calculate (-1 - (-2 - 0 - 0)) + 8 + -3.
6
What is the value of 8 + (-5 - 2 - -12 - (0 + 2))?
11
-3 + (12 - (2 - 9 - (1 + -5)))
12
What is the value of -8 + (12 - (7 - (10 - 8)))?
-1
What is the value of 13 + (0 - 6) + -3 + 7?
11
What is -15 + (27 - -18 - 11)?
19
-95 + 107 + (1 - 14)
-1
Evaluate 5 + 1 - ((11 - 14) + 13 + -6).
2
Calculate 3 - (-8 + 13 + (5 - 5)).
-2
Evaluate 4 - -5 - (-43 + 48).
4
(-2 - 1) + (-42 - -17 - -21)
-7
Evaluate (2 - 0) + (16 - (-7 + 9 + 7)).
9
What is -5 + -12 + 6 + -1 + 17 - 10?
-5
What is the value of -4 + (-6 - 0) + (-32 - -14)?
-28
Calculate (11 - (-17 - (-15 - -13))) + 10.
36
(-6 - (-20 - -5)) + -8 + -7
-6
What is the value of 2 - ((1 - -12) + 118 + -137)?
8
What is the value of 2 + -12 - (-1 + 29 + 8 + -14)?
-32
9 + (-49 + 43 - (-4 + 0 + 3))
4
What is the value of 30 - (30 + (-5 - 1))?
6
What is 14 - ((-9 - -4) + 16)?
3
Calculate (21 - 3) + -7 - 12.
-1
Evaluate -15 - (-14 + (19 - 6 - 4) - -1).
-11
5 - (-3 + 2) - (-4 - -11)
-1
4 + -6 + 8 + (-1 - 7) - -2
0
What is -14 + 4 + 1 + (1 - 14)?
-22
23 + 3 - (8 + -17)
35
Evaluate (6 - (0 + (-8 + 6 - -8))) + -8.
-8
What is 3 + 1 - (-14 + 8 + (1 - 0))?
9
Calculate 5 - 28 - (42 - 81).
16
24 - (11 - (-13 - -20))
20
Calculate 1 + 21 - (-211 + 227).
6
What is (-1 - 34) + 1673 + -1633?
5
What is -25 + 3 - (0 + 8)?
-30
(7 + 0 - 2) + 37 + -21
21
What is the value of 6 - 11 - 17 - (-20 + 3)?
-5
-6 + (1 + -11 - ((-18 - 8) + 25))
-15
(1 - -30) + (1 - -25) + -40
17
What is the value of 2 - ((-15 + 8 - (1 - 9)) + 3)?
-2
6 + -11 + -7 + 9
-3
What is the value of 6 + -19 + 11 + -10?
-12
What is -4 - (-1 + (8 - 3) + (5 - 5))?
-8
3 - 13 - (1 - -10 - 20)
-1
What is 21 + -17 + ((2 - 2) + 2 - -5)?
11
Calculate -22 + -1 + 16 - (2 - (3 - 9)).
-15
What is the value of 6 + -1 - (1 + -8 + 27)?
-15
Calculate 6 - (10 + -6 - (2 + -1 + -6)).
-3
What is -13 - (-35 + 43 + -17 + -1)?
-3
What is (-9 - (-15 - -2) - -8) + 0?
12
Evaluate 105 - 139 - (-23 + 1).
-12
Evaluate -8 - 0 - (8 + 62 + -90).
12
What is 0 + 5 + -2 + (38 - 12) + -24?
5
-5 + (9 - (-4 + (-3 - 2)))
13
What is -16 + (-25 - (-39 + 7))?
-9
118 + -123 + (-2 - -1) + -14
-20
Evaluate 44 - -9 - 46 - (-7 - 0).
14
What is the value of -1 - (10 - ((-2 - (9 + -20)) + -11))?
-13
(15 - (8 - 0)) + (20 + -5 - 6)
16
What is -2 + (-4 - -2) + 16 - (-126 + 171)?
-33
What is 1 - 12 - (29 + 1 + -4)?
-37
Evaluate -7 - (3 + (-6 - 1)).
-3
Calculate -8 - (7 + 0 - (-18 - -34)).
1
Evaluate 14 + (-265 + 272 - (-1 - 1)).
23
What is the value of (-8 - 1) + 2 + (-4 - -7) + -6?
-10
(-36 - -78) + -35 + 5
12
Calculate 15 + 10 - (-13 - -25).
13
What is the value of (80 - 73) + (1 - 17)?
-9
What is (51 - 29) + -8 + (-3 - -5)?
16
What is the value of 3 - (-5 - (-5 + 10))?
13
-17 + 10 + 13 + 7 + -7
6
Calculate (11 - 16) + (0 - (6 - 12)).
1
-7 - ((5 - 2 - 16) + 8)
-2
Evaluate -29 + 23 - (7 - 0) - (-5 - -3).
-11
What is -9 + (-25 - -2 - (-7 + 13 - 10))?
-28
(2 - 13) + 22 + (1 + 3 - -15)
30
Evaluate -38 - (-30 - (-39 - -80)).
33
What is the value of -142 + 164 + -25 + -1?
-4
What is -34 + 17 - (-30 + -4) - 16?
1
What is the value of -4 + ((-12 - -13) + (7 - 2) - 3)?
-1
Evaluate -1 - (3 + -3 + 2 - (5 - 1)).
1
What is the value of 14 + 22 + -35 + 2 + -3?
0
What is the value of 24 - (23 + 6) - -7?
2
Calculate (-2 - (1 + 1)) + (-7 - (9 + -11)).
-9
What is the value of 38 + (-21 + -18 - -29)?
28
Evaluate -96 - -70 - (-18 - -9).
-17
6 + -3 - 0 - (12 - (-9 - -34))
16
(38 + -22 - 23) + -7
-14
What is (-34 - -17 - -26) + (4 - 2) + -8?
3
(140 - 111) + 5 + -30
4
Calculate -8 + 1 + -9 + 16 + -13.
-13
Calculate 10 - -3 - (12 - (7 + -2)).
6
Calculate -33 - ((-22 - 15) + 22).
-18
9 - (16 + -5 - (17 + -1 + -7))
7
19 + 13 + -9 + -15 - -13
21
Evaluate 6 + -4 - (-86 + 96).
-8
19 - ((58 - 48) + -2 + 0 + 0)
11
What is the value of -222 + 240 - (0 + 29 + -4)?
-7
-15 - -19 - (27 + 1) - (-117 + 115)
-22
(3 - -4) + (-6 - -11) - -4
16
Calculate 2